{"id":53,"date":"2024-07-11T14:09:06","date_gmt":"2024-07-11T12:09:06","guid":{"rendered":"http:\/\/www.opademag.com\/?page_id=53"},"modified":"2025-06-03T21:12:56","modified_gmt":"2025-06-03T19:12:56","slug":"foire-aux-questions","status":"publish","type":"page","link":"https:\/\/www.opademag.com\/index.php\/foire-aux-questions\/","title":{"rendered":"Foire Aux Questions"},"content":{"rendered":"<p>[et_pb_section fb_built=\u00a0\u00bb1&Prime; _builder_version=\u00a0\u00bb4.24.2&Prime; _module_preset=\u00a0\u00bbdefault\u00a0\u00bb global_colors_info=\u00a0\u00bb{}\u00a0\u00bb][et_pb_row _builder_version=\u00a0\u00bb4.24.2&Prime; _module_preset=\u00a0\u00bbdefault\u00a0\u00bb global_colors_info=\u00a0\u00bb{}\u00a0\u00bb][et_pb_column type=\u00a0\u00bb4_4&Prime; _builder_version=\u00a0\u00bb4.24.2&Prime; _module_preset=\u00a0\u00bbdefault\u00a0\u00bb global_colors_info=\u00a0\u00bb{}\u00a0\u00bb][et_pb_image src=\u00a0\u00bbhttp:\/\/www.opademag.com\/wp-content\/uploads\/2025\/06\/20190620_155451-scaled.jpg\u00a0\u00bb _builder_version=\u00a0\u00bb4.27.4&Prime; _module_preset=\u00a0\u00bbdefault\u00a0\u00bb hover_enabled=\u00a0\u00bb0&Prime; global_colors_info=\u00a0\u00bb{}\u00a0\u00bb title_text=\u00a0\u00bb20190620_155451&Prime; sticky_enabled=\u00a0\u00bb0&Prime;][\/et_pb_image][et_pb_accordion _builder_version=\u00a0\u00bb4.27.4&Prime; _module_preset=\u00a0\u00bbdefault\u00a0\u00bb global_colors_info=\u00a0\u00bb{}\u00a0\u00bb][et_pb_accordion_item title=\u00a0\u00bbQuels types d&rsquo;\u00e9quipements de piscine proposons-nous ? \u00a0\u00bb open=\u00a0\u00bboff\u00a0\u00bb _builder_version=\u00a0\u00bb4.24.2&Prime; _module_preset=\u00a0\u00bbdefault\u00a0\u00bb global_colors_info=\u00a0\u00bb{}\u00a0\u00bb]<\/p>\n<p><span>Nous proposons tout le mat\u00e9riel pour la piscine et spa. Les appareils de traitement automatiques, la filtration, les robots, les b\u00e2ches, les produits de traitement, le mat\u00e9riel de nettoyage &#8230;<\/span><\/p>\n<p>[\/et_pb_accordion_item][et_pb_accordion_item title=\u00a0\u00bbQuelle est la politique de livraison et de retour ? \u00a0\u00bb _builder_version=\u00a0\u00bb4.24.2&Prime; _module_preset=\u00a0\u00bbdefault\u00a0\u00bb global_colors_info=\u00a0\u00bb{}\u00a0\u00bb open=\u00a0\u00bboff\u00a0\u00bb]<\/p>\n<p><span>Toutes les commandes pass\u00e9es sur notre site <\/span><a href=\"https:\/\/www.opademag.fr\/\" class=\"waffle-rich-text-link\">https:\/\/www.opademag.fr<\/a><span> b\u00e9n\u00e9ficient exclusivement de la livraison domicile (livraison en France m\u00e9tropolitaine uniquement, hors Corse). <\/p>\n<p>Une fois votre commande valid\u00e9e, nos \u00e9quipes proc\u00e9deront au traitement de cette derni\u00e8re. <\/p>\n<p>\u00c0 la r\u00e9ception de votre r\u00e8glement, les articles command\u00e9s seront pr\u00e9par\u00e9s pour \u00eatre exp\u00e9di\u00e9s.<\/p>\n<p>Les commandes effectu\u00e9es le vendredi apr\u00e8s 12h sur le site <\/span><a href=\"https:\/\/www.opademag\/\" class=\"waffle-rich-text-link\">https:\/\/www.opademag<\/a><span>.fr seront trait\u00e9es le lundi suivant.<\/span><\/p>\n<p>[\/et_pb_accordion_item][et_pb_accordion_item title=\u00a0\u00bbY a-t-il des garanties sur les produits ? \u00a0\u00bb _builder_version=\u00a0\u00bb4.24.2&Prime; _module_preset=\u00a0\u00bbdefault\u00a0\u00bb global_colors_info=\u00a0\u00bb{}\u00a0\u00bb open=\u00a0\u00bboff\u00a0\u00bb]<\/p>\n<p><span>Oui il y a une garantie sur tout le mat\u00e9riel selon le fabricant. <br \/>Les produits de traitement n&rsquo;ont pas de garantie mais une date d&rsquo;utilisation.<\/span><\/p>\n<p>[\/et_pb_accordion_item][et_pb_accordion_item title=\u00a0\u00bbProposons-nous une installation ou un service de maintenance pour vos \u00e9quipements de piscine ?\u00a0\u00bb _builder_version=\u00a0\u00bb4.24.2&Prime; _module_preset=\u00a0\u00bbdefault\u00a0\u00bb global_colors_info=\u00a0\u00bb{}\u00a0\u00bb open=\u00a0\u00bboff\u00a0\u00bb]<\/p>\n<p><span>Oui nous sommes sp\u00e9cialis\u00e9 en HAYWARD, mais nous faisons toutes les marques.<\/span><\/p>\n<p>[\/et_pb_accordion_item][et_pb_accordion_item title=\u00a0\u00bbComment peut-on nous contacter en cas de questions ?\u00a0\u00bb _builder_version=\u00a0\u00bb4.24.2&Prime; _module_preset=\u00a0\u00bbdefault\u00a0\u00bb global_colors_info=\u00a0\u00bb{}\u00a0\u00bb open=\u00a0\u00bboff\u00a0\u00bb]<\/p>\n<p><span>Vous pouvez nous contacter par t\u00e9l\u00e9phone au 07 87 59 79 84 ou par mail \u00e0 cette adresse : opademag@gmail.com<\/span><\/p>\n<p>[\/et_pb_accordion_item][et_pb_accordion_item title=\u00a0\u00bbA-t-on un magasin physique pour voir les produits ?\u00a0\u00bb _builder_version=\u00a0\u00bb4.24.2&Prime; _module_preset=\u00a0\u00bbdefault\u00a0\u00bb hover_enabled=\u00a0\u00bb0&Prime; global_colors_info=\u00a0\u00bb{}\u00a0\u00bb open=\u00a0\u00bbon\u00a0\u00bb sticky_enabled=\u00a0\u00bb0&Prime;]<\/p>\n<p><span>Bien s\u00fbr ! Vous pouvez venir nous rendre visite dans notre magasin \u00e0 cette adresse : 102 CHEMIN DU MOULIN DE CARRIERE 30250 AUBAIS<\/span><\/p>\n<p>[\/et_pb_accordion_item][\/et_pb_accordion][\/et_pb_column][\/et_pb_row][\/et_pb_section]<\/p>\n","protected":false},"excerpt":{"rendered":"<p>Nous proposons tout le mat\u00e9riel pour la piscine et spa. Les appareils de traitement automatiques, la filtration, les robots, les b\u00e2ches, les produits de traitement, le mat\u00e9riel de nettoyage &#8230;Toutes les commandes pass\u00e9es sur notre site https:\/\/www.opademag.fr b\u00e9n\u00e9ficient exclusivement de la livraison domicile (livraison en France m\u00e9tropolitaine uniquement, hors Corse). Une fois votre commande valid\u00e9e, [&hellip;]<\/p>\n","protected":false},"author":1,"featured_media":0,"parent":0,"menu_order":0,"comment_status":"closed","ping_status":"closed","template":"","meta":{"_et_pb_use_builder":"on","_et_pb_old_content":"","_et_gb_content_width":"","footnotes":""},"class_list":["post-53","page","type-page","status-publish","hentry"],"_links":{"self":[{"href":"https:\/\/www.opademag.com\/index.php\/wp-json\/wp\/v2\/pages\/53","targetHints":{"allow":["GET"]}}],"collection":[{"href":"https:\/\/www.opademag.com\/index.php\/wp-json\/wp\/v2\/pages"}],"about":[{"href":"https:\/\/www.opademag.com\/index.php\/wp-json\/wp\/v2\/types\/page"}],"author":[{"embeddable":true,"href":"https:\/\/www.opademag.com\/index.php\/wp-json\/wp\/v2\/users\/1"}],"replies":[{"embeddable":true,"href":"https:\/\/www.opademag.com\/index.php\/wp-json\/wp\/v2\/comments?post=53"}],"version-history":[{"count":5,"href":"https:\/\/www.opademag.com\/index.php\/wp-json\/wp\/v2\/pages\/53\/revisions"}],"predecessor-version":[{"id":165,"href":"https:\/\/www.opademag.com\/index.php\/wp-json\/wp\/v2\/pages\/53\/revisions\/165"}],"wp:attachment":[{"href":"https:\/\/www.opademag.com\/index.php\/wp-json\/wp\/v2\/media?parent=53"}],"curies":[{"name":"wp","href":"https:\/\/api.w.org\/{rel}","templated":true}]}}